d x.
20
Let f be 42/(-1785)*5 - (0 + 27544/(-34)). Calculate the greatest common divisor of f and 40.
10
Let c = 164 + -182. Let w(r) = r**3 + 18*r**2 - 2*r + 4. Let b be w(c). Let p(q) = -q + 11. Let g be p(6). What is the greatest common divisor of g and b?
5
Let n(c) = -2*c + 2 - 11 - 3. Let w = -1057 - -1046. Let f be n(w). What is the greatest common factor of f and 160?
10
Let h be (12*4/(-80))/(-1 + (-582)/(-585)). Calculate the highest common divisor of 306 and h.
9
Suppose -3*o = -2*z - 742, 5*o - 44*z = -49*z + 1270. Let c(r) = r**2 + 1. Let v be c(-7). What is the highest common factor of o and v?
50
Let v(n) = -3*n**2 + 57*n - 236. Let m be v(11). What is the highest common divisor of m and 2548?
28
Let t(k) = -390*k + 1266. Let g be t(3). Calculate the greatest common divisor of 1032 and g.
24
Suppose 6*c + 37*c = -4*c + 145418. Calculate the greatest common factor of 91 and c.
91
Let s(k) = -18*k - 36. Let o be s(-6). Let g = 67 - 64. Let a be 7 + g + 1 - (-1)/1. Calculate the highest common divisor of o and a.
12
Let w = -35 + 53. Let k be (12/w)/((-1)/(-27)). Suppose 2*i + 3*v - 5 - 85 = 0, 5*v = i - 45. What is the highest common divisor of i and k?
9
Suppose -122 = -21*f + 445. Suppose l + 6 = 4*y, 0 = 2*l - 2*y + 4*y + 22. Let s be (35/l - -2)/(2/(-36)). Calculate the highest common divisor of f and s.
27
Let b be 3/(-5 - 19/(-4)). Let h be (-90)/b*((-2)/3)/(-1). What is the highest common factor of 15 and h?
5
Let p(h) = 2*h**2 - 4*h + 24. Let g be p(3). Suppose -15 = -5*w - 35, -w = t - g. What is the greatest common factor of t and 51?
17
Let o = -214 + 314. Let n(p) = -88*p**2 - 266*p + 54. Let f be n(-3). Calculate the greatest common divisor of f and o.
20
Let z = -50 - -54. Suppose -2*b + 49 = 5*h, -2*b = 4*h - z*b - 50. Let f = h + 27. What is the greatest common factor of f and 342?
38
Suppose -2*k + 2*k = -2*k. Suppose -5*v + 0*v = k. Let l be (-15)/(-5) + 3 + v. Calculate the greatest common divisor of l and 48.
6
Let m(i) = -3*i**2 + 57*i + 36. Let g be m(19). Suppose 14448 = g*a + 7*a. What is the highest common divisor of 84 and a?
84
Let v = 934 + -910. Let f = 28 - 24. What is the greatest common factor of f and v?
4
Let o be -180*1*(-56)/70. Suppose 46*s = 42*s + 5*x + 288, 0 = -2*s + 5*x + o. What is the greatest common divisor of 9 and s?
9
Suppose 6 = -3*n + a - 8, 5*n - 5*a = -40. Let y be (-40)/96*-15 + n/(-4). Calculate the highest common factor of y and 224.
7
Suppose 64 = 5*z - 4*g, -5*z - 2*g + 66 = -8*g. Calculate the greatest common factor of 1803 and z.
3
Suppose 3*w = -2*t + 15309, -18*t + 23*t - 5*w = 38310. Calculate the highest common factor of t and 23.
23
Let d be ((-20)/8)/5*-86. Let t = d - 38. Let n(z) = z**3 - 3*z**2 - 8*z + 4. Let w be n(t). What is the highest common factor of 35 and w?
7
Suppose -1882*r = -1895*r + 4875. What is the greatest common divisor of 2875 and r?
125
Let z be 118236/295 + 36/(-20). What is the highest common divisor of z and 209?
19
Let g = -7542 + 7583. Calculate the highest common factor of 29 and g.
1
Let g be (9 - 2)*(0 + 3). Suppose 2 = -g*k + 20*k. Let a be (-34)/(-4) + (k - (-3)/2). Calculate the highest common factor of 8 and a.
8
Let z(q) = -16*q - 56. Let d be z(-11). What is the highest common factor of 456 and d?
24
Let v be (3 + 0 + -4)/((-11)/(15 + 3494)). Calculate the highest common divisor of 29 and v.
29
Let k = 96 - 68. Let h = 49 + -43. Suppose h*u = -5*u + 2464. What is the greatest common divisor of k and u?
28
Suppose -2*c + 7*c - 3*j - 25 = 0, -4*c = 3*j - 20. Suppose 0*b = 3*b + 15, 3*x + c*b - 350 = 0. Calculate the highest common divisor of x and 15.
5
Let f be 1250 + -4 + (45/5 + -4)/(-1). Calculate the highest common divisor of f and 146.
73
Suppose -i = 5*y - 1304, -i + 675 + 368 = 4*y. Calculate the highest common factor of y and 1479.
87
Let j be (-55)/(18755/(-36549)) + 2/(-11). Calculate the greatest common divisor of 4601 and j.
107
Let l be ((-4922)/6)/((-32)/96). What is the greatest common factor of l and 23?
23
Suppose 165*l - 162*l - 114 = 3*f, -2*l - 3*f + 106 = 0. What is the greatest common factor of 4268 and l?
44
Let d(k) = 8*k**3 - k**2 + 3*k + 4. Let p be d(2). Let q = 82 + p. Calculate the highest common divisor of q and 380.
76
Let f(r) = -16*r - 15*r + 2 - 1. Let j = 1342 - 1343. Let v be f(j). What is the greatest common divisor of 16 and v?
16
Let r be ((-7)/(-4) + 1)*(-1200)/(-12). Suppose -16*a + 21*a = -r. Let o = 180 + a. What is the greatest common factor of o and 50?
25
Let u be (2*12/18)/(4/9). Suppose -4*q + 144 - 587 = -u*n, -302 = -2*n + 4*q. Calculate the greatest common factor of n and 47.
47
Let r = -785 + 926. What is the greatest common factor of r and 3008?
47
Let g(i) = 73*i**3 + 7*i**2 - 86*i + 6. Let z be g(5). What is the highest common factor of z and 56?
28
Let n(v) = -40*v - 154. Let f be n(-14). What is the greatest common factor of f and 928?
58
Let j = 5695 + -5686. Calculate the greatest common divisor of j and 75.
3
Let n be 135*(0 - 1)*-1. Suppose 4*a - n = 3*y - 24, -3*a - 3*y + 78 = 0. What is the greatest common factor of a and 90?
9
Let z be (-1 - 52/(-28))/(90/28140). Calculate the greatest common factor of z and 56.
4
Let w be (444/(-18))/(50/(-825)) - 12. What is the highest common factor of w and 50?
5
Let j be ((-3)/(-2))/(4/16). Let p be 8/4 + (-2)/j*0. Suppose -p*u + 24 = u. Calculate the highest common factor of 2 and u.
2
Let v = -71865 + 104041. Calculate the greatest common factor of 16 and v.
16
Let k(h) = -h**2 - 48*h - 552. Let r be k(-28). What is the greatest common factor of r and 142?
2
Suppose i = 6*i - y - 14, -3*i - 14 = 5*y. Let s be i/(-3) - (-2128)/114. What is the greatest common factor of 66 and s?
6
Let t(w) = -3*w**2 - 21*w + 2. Let c be t(-5). Suppose 2*l + c = 126. What is the highest common factor of l and 329?
47
Suppose -4*c + c - 5*u + 20 = 0, 3*c - 4*u = 65. Calculate the greatest common divisor of c and 240.
15
Let n = -12 - 4. Let v be 5/(n/32 - 2/4). Let i be (v/(-20))/(2/104). Calculate the highest common divisor of i and 143.
13
Let j(q) be the second derivative of q**5/20 + 13*q**4/12 + 3*q**3 - 3*q**2 + 2*q + 1. Let l be j(-11). What is the highest common factor of l and 114?
38
Let q(g) = -23*g**2 + 533*g - 29. Let y be q(23). Suppose 6 = 4*f - 3*f. Calculate the highest common factor of f and y.
3
Suppose 2 = -u - 0*u + 2*a, 5*u + 3*a = 42. Suppose 29*y = -114 - 7310. Let p = 292 + y. Calculate the greatest common divisor of u and p.
6
Let t(y) = y**2 + 5*y - 278. Let x be t(15). Calculate the highest common factor of x and 244.
2
Let g(m) = m**2 - 5. Let c be g(-4). Let z = -367 - -367. Suppose -5*w - 3*p = -6*p - 156, z = -3*w + p + 96. Calculate the greatest common factor of w and c.
11
Suppose -7*m - 39 = -11. Let v be (15/(-12))/(68/(-16) - m). What is the highest common factor of 13 and v?
1
Let q be 42/(-10) - 10/(-50). Let t(d) = 3*d**2 - 3*d + 9. Let v be t(q). What is the greatest common factor of 161 and v?
23
Suppose 42*t - 769 = 6*t + 563. Calculate the greatest common divisor of t and 259.
37
Let u be (-2)/(-4) + 652/8. Let q(l) = -u*l - 10 + 11*l + 6*l + 14. Let k be q(-4). Calculate the highest common factor of k and 33.
33
Let a be 7 - (13 + -20 - -5). Calculate the highest common divisor of 1422 and a.
9
Let f = -5980 - -8474. What is the highest common divisor of f and 1?
1
Suppose -7*d + 3*d = -d. Let m be 7 - (d + 2/1). Suppose -5*j + i + 183 = 0, -m*j - 3*i = -8*i - 195. Calculate the highest common divisor of 324 and j.
36
Let d(r) = r**3 + 2*r**2 + 2*r + 4. Let y be d(-2). Suppose y = -4*n + 243 + 517. Let v be (-186)/(-10) + 8/20. What is the greatest common divisor of v and n?
19
Let v = -1655 + 1719. What is the highest common divisor of 560 and v?
16
Let t be ((-17)/(-170)*-12)/((-3)/1855). Calculate the greatest common factor of t and 42.
14
Let u = -370 + 390. Suppose -u*m - 10 = -50. Let v be ((-3)/1 - -1) + 4. Calculate the greatest common factor of v and m.
2
Let m be (-222)/(-5) + (-393)/(-655). Suppose -t + 16 = z - 0*t, -z = -4*t - 31. Suppose -z + 109 = 2*b. What is the highest common factor of b and m?
45
Let n be (11/22)/((-2)/(-4))*-297. Let s = -289 - n. Calculate the highest common fact